5*t + 190, t = 2*y - 101 + 9. Suppose 4*l = l + y. Calculate the highest common factor of l and 3.
3
Let a = 93 + -104. Let r(p) = p**3 - 4*p**2 - 2*p - 6. Let o be r(5). Let h = o - a. Calculate the greatest common divisor of 220 and h.
20
Let b be (1603 - -3)/(-8 + (-9)/(36/(-34))). What is the highest common divisor of 132 and b?
44
Let p(l) = 5*l - 14 - 39 - 7. Let i be p(16). Calculate the greatest common divisor of 5 and i.
5
Let b(a) = -8*a**2 - 139*a - 46. Let s be b(-16). What is the greatest common factor of s and 1235?
65
Suppose 21*r + 90 = 24*r. Suppose 0 = -y + 2*y - 4*l - r, -4*y = 4*l - 200. Calculate the greatest common divisor of 276 and y.
46
Suppose 46*d - 16*d - 24*d = 156. Let n = 379 + -197. Calculate the highest common divisor of d and n.
26
Let d = -405 - -174. Let r = -166 - d. Calculate the greatest common divisor of 455 and r.
65
Let r(v) = -82*v + 125. Let j(k) = -k. Let u(a) = 3*j(a) - r(a). Let y be u(8). What is the greatest common divisor of 39 and y?
39
Let z = 5596 + 890. What is the highest common divisor of 376 and z?
94
Suppose i + 91*i - 5244 = 0. Calculate the highest common factor of 29241 and i.
57
Let z = 5331 + -5166. What is the greatest common factor of 462 and z?
33
Let z = 128 - 127. Let w be ((z - 1) + -2)*(-150)/12. Let u be (-10)/(-3 - -1) + 0. What is the highest common factor of u and w?
5
Let n be (-3 - -11)/((-19)/(1045/(-22))). Calculate the greatest common factor of 1060 and n.
20
Suppose -5*f + 535 = 5*b, -17*b - 4*f = -15*b - 212. Suppose -g = g - 8, 4*y + 5*g = b. What is the greatest common factor of y and 121?
11
Suppose 5*b = -x + 2366, 7*x = 5*b + 9*x - 2362. What is the greatest common factor of 553 and b?
79
Suppose 5*m - 114 = -3*i, 5*m + 5*i = 10*i + 90. Let n be (-4122)/(-21) + ((-48)/m - -2). What is the highest common factor of n and 147?
49
Let c be -2*((-9)/2)/9. Let v = -4596 + 4613. What is the greatest common divisor of c and v?
1
Let r(j) be the third derivative of 2*j**2 + 0 - 1/2*j**3 + 1/6*j**4 + 0*j + 1/20*j**5. Let c be r(-3). Calculate the greatest common divisor of 132 and c.
12
Let j be (-6 - 1707/24) + 1/8. Let f = 167 + j. Calculate the greatest common factor of 72 and f.
18
Let l = 36740 - 36632. Let j(g) = 31*g - 3. Let k be j(3). What is the highest common factor of k and l?
18
Suppose -282 = -6*k + 918. Let l be k/(-30)*18/(-4). Let s(a) = a**3 - 13*a**2 + 26*a - 14. Let p be s(11). Calculate the greatest common factor of l and p.
30
Let t be (-1*(-12)/14)/(12/56). Suppose u - t*j = 2, 5 = -u - 3*j + 21. Suppose 32 - 92 = -u*y. What is the greatest common factor of y and 54?
6
Suppose -115*c = 114352 - 419332. Calculate the highest common divisor of c and 816.
204
Suppose -5*u - 10 = 10, 0 = -2*w - 5*u + 9616. What is the greatest common factor of w and 132?
66
Let c = -3530 - -3842. Calculate the highest common factor of c and 4472.
104
Suppose -11 = -5*k - 3*s + 2*s, 12 = 5*k + 2*s. Suppose k*w + 125 = d, -2*d - d + 3*w + 375 = 0. Let j = d + 43. What is the highest common factor of j and 14?
14
Suppose 0 = -4*p + 430 - 178. Calculate the greatest common divisor of p and 672.
21
Let a be 10/((-180)/1266)*(-5)/(5/6). What is the highest common divisor of a and 1477?
211
Suppose 4*z - 5*v - 428 = 0, -54*z + 57*z - 320 = 4*v. Calculate the highest common factor of z and 8008.
56
Let w be (88/16)/(11/22). What is the greatest common factor of 15763 and w?
11
Suppose -4*y - 3*a = -a - 80, 0 = -3*a + 12. Let r be (-4)/y + 456/108. Calculate the highest common factor of 36 and r.
4
Let u(v) = 4*v**2 - 11*v - 17. Let y be u(10). Suppose 4*z = -3*z + y. Suppose -z*q - 28 = -41*q. What is the highest common divisor of q and 154?
14
Suppose -k - 14 - 164 = -3*v, -5*v + 274 = 4*k. Calculate the highest common divisor of 1943 and v.
29
Suppose -15*g + 2*g + 1092 = 0. Let f be -5*((-6)/(-14) + (-3564)/g). Calculate the highest common divisor of f and 30.
30
Suppose -f + 443 = 5*x, -380 = -4*x - 142*f + 138*f. What is the highest common factor of x and 3?
3
Suppose 0 = -99*w - 4*w + 5562. What is the highest common factor of w and 354?
6
Let g = -274 + 275. Let v(c) = 18*c + 6. Let t be v(g). What is the highest common divisor of 40 and t?
8
Let g(d) = -2*d**2 - 268*d + 5830. Let o be g(19). What is the greatest common factor of 49664 and o?
16
Suppose -y = -5*y - h - 270, 262 = -4*y - 5*h. Let l be ((-396)/96*-2)/((-1)/y). Calculate the greatest common factor of 51 and l.
51
Let b(r) = 4*r**2 + 62*r + 108. Let h be b(-14). Calculate the greatest common factor of 6756 and h.
12
Let a(p) = -85*p - 335. Let v be 2*(-7 - (-11 + -1))/(-2). Let n be a(v). Let w = 7 - -8. Calculate the highest common divisor of w and n.
15
Suppose 2*x = -2*w + 30854, 3*w - 3*x - 46265 = -4*x. What is the highest common factor of w and 34?
17
Suppose z = -4*x + 10, -3*x + 1 = -z + 4. Suppose -27 - 57 = -z*h. Suppose i = -5*p - 3*i + 260, 0 = -p - i + 51. What is the greatest common factor of h and p?
14
Suppose -320 - 10 = 5*s. Let x = s - -79. What is the highest common factor of 39 and x?
13
Suppose -s = -t + 11, 177*t - 5*s - 39 = 174*t. Calculate the greatest common factor of 2216 and t.
8
Let k(c) = -30*c**3 - 5*c**2 + 12*c + 38. Let s be k(-4). What is the greatest common divisor of 540 and s?
30
Let q = 1105 - 598. Let u = 524 - q. Let w(v) = 3*v**2 - 3*v - 2. Let g be w(-3). What is the greatest common divisor of g and u?
17
Let u(q) = 11*q**2 + 2. Let d be u(2). Let h be (-30)/24*-40 - -5. Let x = h - d. What is the highest common divisor of 81 and x?
9
Let o be (134/(-10))/((-130)/1950). Calculate the greatest common factor of 48 and o.
3
Let q(l) = l**3 + 8*l**2 - 9*l - 25. Let y be q(-3). What is the highest common factor of y and 1927?
47
Let a(v) = -v**2 + 11*v + 79. Let y be a(16). Let l be y*((-8)/(-48) - 38/12). What is the greatest common factor of 21 and l?
3
Let q(w) = -3*w + 53. Let s be q(15). Let i(k) = 7*k - 28. Let l be i(s). Calculate the greatest common factor of l and 21.
7
Let l be (8 - 15)*1*62/(-14). Let t be 2 + 15/(-3) - -1231. Suppose 3*i + i + t = 5*y, 3*y = -4*i + 756. Calculate the highest common factor of l and y.
31
Let c(q) = -q**2 + 30*q + 535. Let l be c(40). What is the greatest common factor of 189 and l?
27
Suppose -o + 0*o = -24. Let i be 2 + (14/4 - 3/6). Suppose i*r = -5*t + 840, -13*r + 11*r + 2*t + 336 = 0. Calculate the greatest common divisor of o and r.
24
Suppose -63*q + 17993 = -63025. Calculate the greatest common divisor of 1 and q.
1
Let u(g) = -11*g - 719. Let f be u(-67). What is the greatest common factor of 66 and f?
6
Let j be 24*((-14)/63 + (-8)/18). Let u(c) = -c**2 - 17*c + 34. Let a be u(j). Calculate the highest common divisor of 30 and a.
10
Suppose 30*j + 882 - 10299 = -177. What is the greatest common divisor of j and 704?
44
Let k = -8314 + 8327. Calculate the highest common divisor of k and 8944.
13
Let z = -38 - -59. Suppose 0 = 9*f - 64 + 19. Let b be 18/f*(-210)/(-18). What is the greatest common divisor of b and z?
21
Let o be 10*(-34 + 6916/130). Suppose 400 - 64 = p. Calculate the highest common factor of p and o.
48
Suppose 16650 = 16*q + 4138. Let i be (-8)/(-10) - (-1162)/35. Calculate the highest common divisor of q and i.
34
Let v(g) = -g**3 - 5*g**2 + 9*g - 18. Let l be v(-6). Let u = 84 + l. Calculate the greatest common divisor of u and 16.
16
Let b be (1*-1)/(2/(-172)). Suppose 5*r - 661 = -b. What is the highest common factor of r and 23?
23
Let b be 143104/336 + (-6)/(-63). Calculate the highest common divisor of b and 6.
6
Let d = 4919 - 4307. Calculate the greatest common factor of 663 and d.
51
Let g = 14 - 10. Let z(c) = c**2 - 3*c - 82. Let d be z(-10). Suppose -4*h + d = n, n - 3 = 5*h - 0*h. Calculate the greatest common factor of n and g.
4
Let f be 30/(-135) - 47/(-9). Suppose 0 = f*w - w + o + 110, -5*w + 5*o - 150 = 0. Let k be (-8)/w - (-626)/14. What is the greatest common factor of 18 and k?
9
Let w = -283 + 193. Let o be ((-60)/w)/((-3)/(-126)). What is the highest common divisor of o and 378?
14
Let q(j) = 5*j**2 - 5*j + 18. Let v be q(6). Let w be (-48)/v - 422/(-7). Let h = 77 - 37. What is the greatest common factor of h and w?
20
Let l = -24542 - -25158. What is the greatest co